 digit of 493780?
9
What is the hundreds digit of 1050102?
1
What is the thousands digit of 6610672?
0
What is the hundreds digit of 147332?
3
What is the units digit of 6004207?
7
What is the millions digit of 2981701?
2
What is the thousands digit of 552037?
2
What is the tens digit of 473613?
1
What is the units digit of 173550?
0
What is the tens digit of 4728953?
5
What is the units digit of 612376?
6
What is the hundreds digit of 15933264?
2
What is the hundred thousands digit of 20237194?
2
What is the hundred thousands digit of 18733706?
7
What is the hundred thousands digit of 474313?
4
What is the ten thousands digit of 345378?
4
What is the tens digit of 2713722?
2
What is the ten thousands digit of 97599?
9
What is the units digit of 13180900?
0
What is the thousands digit of 2013679?
3
What is the tens digit of 14231?
3
What is the units digit of 179158?
8
What is the hundred thousands digit of 1317189?
3
What is the hundreds digit of 9250737?
7
What is the tens digit of 1704194?
9
What is the tens digit of 53054?
5
What is the ten thousands digit of 409772?
0
What is the thousands digit of 778735?
8
What is the units digit of 2073881?
1
What is the hundred thousands digit of 1058923?
0
What is the hundred thousands digit of 13120998?
1
What is the tens digit of 68422?
2
What is the thousands digit of 209427?
9
What is the hundreds digit of 4824152?
1
What is the units digit of 2283104?
4
What is the units digit of 3901511?
1
What is the ten thousands digit of 321076?
2
What is the units digit of 445409?
9
What is the millions digit of 14106861?
4
What is the tens digit of 132186?
8
What is the units digit of 15170233?
3
What is the units digit of 269872?
2
What is the thousands digit of 20138803?
8
What is the units digit of 1257445?
5
What is the units digit of 361836?
6
What is the hundreds digit of 9598227?
2
What is the hundreds digit of 418554?
5
What is the hundred thousands digit of 5772035?
7
What is the hundreds digit of 6980799?
7
What is the hundred thousands digit of 629815?
6
What is the tens digit of 1887594?
9
What is the millions digit of 2593947?
2
What is the tens digit of 6749180?
8
What is the thousands digit of 5476906?
6
What is the tens digit of 1124571?
7
What is the tens digit of 308237?
3
What is the hundred thousands digit of 413541?
4
What is the tens digit of 263870?
7
What is the ten millions digit of 12350397?
1
What is the thousands digit of 27394384?
4
What is the hundreds digit of 486900?
9
What is the hundreds digit of 4940642?
6
What is the hundreds digit of 3306772?
7
What is the ten thousands digit of 595695?
9
What is the ten thousands digit of 3571067?
7
What is the hundreds digit of 392001?
0
What is the hundred thousands digit of 6619039?
6
What is the hundred thousands digit of 5282266?
2
What is the ten thousands digit of 205163?
0
What is the units digit of 4133924?
4
What is the ten thousands digit of 2425396?
2
What is the ten thousands digit of 627606?
2
What is the thousands digit of 1769334?
9
What is the thousands digit of 13068582?
8
What is the tens digit of 265294?
9
What is the hundred thousands digit of 416318?
4
What is the thousands digit of 854098?
4
What is the thousands digit of 6065306?
5
What is the thousands digit of 23258451?
8
What is the tens digit of 3087568?
6
What is the thousands digit of 226008?
6
What is the units digit of 2483410?
0
What is the hundred thousands digit of 19149890?
1
What is the hundreds digit of 8859033?
0
What is the hundreds digit of 27210018?
0
What is the millions digit of 5718733?
5
What is the tens digit of 10264017?
1
What is the hundreds digit of 136630?
6
What is the hundred thousands digit of 21860399?
8
What is the thousands digit of 2145399?
5
What is the units digit of 622829?
9
What is the hundred thousands digit of 10017710?
0
What is the tens digit of 2536622?
2
What is the thousands digit of 3679463?
9
What is the hundred thousands digit of 11964001?
9
What is the ten thousands digit of 3139848?
3
What is the ten thousands digit of 2144342?
4
What is the hundred thousands digit of 757314?
7
What is the tens digit of 3938413?
1
What is the units digit of 5163639?
9
What is the hundreds digit of 1379597?
5
What is the tens digit of 183054?
5
What is the tens digit of 4452095?
9
What is the thousands digit of 7875200?
5
What is the thousands digit of 2360056?
0
What is the ten thousands digit of 2267293?
6
What is the hundreds digit of 622990?
9
What is the ten thousands digit of 3184400?
8
What is the units digit of 6575604?
4
What is the hundred thousands digit of 337761?
3
What is the thousands digit of 272992?
2
What is the hundreds digit of 218585?
5
What is the millions digit of 9531941?
9
What is the ten thousands digit of 418247?
1
What is the units digit of 75998?
8
What is the hundreds digit of 1543101?
1
What is the thousands digit of 238942?
8
What is the hundred thousands digit of 195757?
1
What is the ten thousands digit of 102107?
0
What is the ten thousands digit of 54840?
5
What is the ten thousands digit of 888390?
8
What is the hundreds digit of 6397?
3
What is the tens digit of 52716?
1
What is the ten millions digit of 16701278?
1
What is the hundreds digit of 797665?
6
What is the hundreds digit of 13652?
6
What is the ten millions digit of 19413607?
1
What is the tens digit of 3921645?
4
What is the thousands digit of 8902356?
2
What is the hundred thousands digit of 464435?
4
What is the hundreds digit of 812086?
0
What is the ten thousands digit of 76378?
7
What is the hundreds digit of 10552927?
9
What is the thousands digit of 997585?
7
What is the tens digit of 177425?
2
What is the thousands digit of 425842?
5
What is the tens digit of 202958?
5
What is the ten thousands digit of 29674365?
7
What is the thousands digit of 863128?
3
What is the units digit of 138291?
1
What is the millions digit of 1581980?
1
What is the thousands digit of 473333?
3
What is the ten thousands digit of 1076971?
7
What is the thousands digit of 139592?
9
What is the ten thousands digit of 1632791?
3
What is the tens digit of 65863?
6
What is the units digit of 1491919?
9
What is the ten thousands digit of 3007646?
0
What is the ten thousands digit of 119500?
1
What is the ten thousands digit of 11378631?
7
What is the ten thousands digit of 4330045?
3
What is the hundred thousands digit of 4307848?
3
What is the ten thousands digit of 164522?
6
What is the ten thousands digit of 740013?
4
What is the units digit of 4539837?
7
What is the hundred thousands digit of 1786366?
7
What is the hundred thousands digit of 269236?
2
What is the tens digit of 1675100?
0
What is the thousands digit of 101718?
1
What is the ten thousands digit of 2949870?
4
What is the tens digit of 67778?
7
What is the millions digit of 4790521?
4
What is the units digit of 1539531?
1
What is the ten thousands digit of 217954?
1
What is the hundred thousands digit of 12282119?
2
What is the hundred thousands digit of 7400299?
4
What is the hundreds digit of 4682?
6
What is the tens digit of 627465?
6
What is the thousands digit of 101578?
1
What is the units digit of 1763303?
3
What is the hundred thousands digit of 1496899?
4
What is the ten thousands digit of 3526159?
2
What is the ten thousands digit of 85041?
8
What is the millions digit of 2475089?
2
What is the ten thousands digit of 207650?
0
What is the units digit of 2717254?
4
What is the tens digit of 606403?
0
What is the tens digit of 3792147?
4
What is the ten thousands digit of 8941122?
4
What is the thousands digit of 4132105?
2
What is the ten thousands digit of 1378474?
7
What is the units digit of 468933?
3
What is the thousands digit of 106184?
6
What is the hundred thousands digit of 7656210?
6
What is the hundreds digit of 11916246?
2
What is the hundreds digit of 366874?
8
What is the thousands digit of 5691?
5
What is the hundreds digit of 35261?
2
What is the units digit of 705530?
0
What is the tens digit of 717156?
5
What is the hundreds digit of 11860525?
5
What is the millions digit of 11314843?
1
What is the units digit of 56307?
7
What is the millions digit of 3300491?
3
What is the hundreds digit of 6144748?
7
What is the hundreds digit of 258226?
2
What is the